87 = 2*u, 2*u = h*q - 14*q - 597. What is the units digit of q?
5
What is the ten thousands digit of 3 + -3 + 4 + 28669 + (-120)/(-20)?
2
Suppose 0 = 5*d - 6 - 74. Let y = d + -16. Suppose 2*b = -4*o + 288, 2*b + b + o - 432 = y. What is the tens digit of b?
4
Suppose 1715 = 4*q + 3*q. Suppose 4*d = -d + q. What is the units digit of (-4)/14 - (-4228)/d?
6
Suppose -4*q + 12*q = 360. Suppose -24*r - 14847 = -q*r. What is the tens digit of r?
0
Let i = 143 - 141. Suppose -d + 4*d - 1239 = -3*l, i*d + 1628 = 4*l. What is the units digit of l?
9
What is the thousands digit of ((31*-2)/(-3 - -2))/(254/35306)?
8
Let i = -12004 - -13823. What is the units digit of i?
9
Suppose 0 = 254*i - 245*i - 62127. What is the units digit of i?
3
Suppose 0 = 10*h - 9*h. Suppose -2*j + h*j = -424. Suppose 3*y - 2*b = y + 136, b = 3*y - j. What is the units digit of y?
2
Let o(u) = 421*u**2 + 2*u - 3. Suppose 38*z - 39*z = -1. What is the tens digit of o(z)?
2
Let y be 11/(-4) + (-1)/4. Let g = -2260 - -2225. What is the tens digit of (-6105)/g - 6*y/(-42)?
7
Let y be ((-16)/6)/(2/6). Let b(a) be the second derivative of a**5/20 + 3*a**4/4 - 13*a**2/2 - 11*a - 37. What is the units digit of b(y)?
1
Let r(i) = -3*i**3 - 2*i**3 + 26 + i + i + i**2 + 6*i**3. Suppose -5*q = -15, -4*f = -0*q - 4*q + 12. What is the units digit of r(f)?
6
Let p(t) = 1438*t - 8503. What is the hundreds digit of p(12)?
7
Let l(z) = -22*z**2 + 7*z - 6. Let i be l(4). Let x = i - -927. What is the tens digit of x?
9
Let c(n) = -n**3 + 6*n**2 - 8*n - 9. Let j be c(-6). Let o = -3635 + 3639. Suppose -o*w - j = -7*w. What is the units digit of w?
7
Let c(v) = v**3 - 16*v**2 + 13*v + 84. Let n be c(13). Let s = -142 - 350. Let l = n - s. What is the tens digit of l?
3
Suppose 24*a = 38*a - 168224. What is the ten thousands digit of a?
1
Suppose -7*y - 146 = -1917. Suppose 2*b - 399 = -y. What is the units digit of b?
3
Let a be 4 + -3 - 1 - (-9 - 1232). Let r = a + -667. What is the units digit of r?
4
Suppose -c - 4*r = -765, -3*c - 3*r + 3791 = 2*c. Suppose 4*m - 61 = 3*s, -71 = -5*m + 5*s - 2*s. Suppose -513 = -m*h + c. What is the tens digit of h?
2
Suppose 17*i - 294478 = -67392. What is the tens digit of i?
5
Suppose 1843*w + k = 1846*w - 21612, 0 = 3*k - 18. What is the tens digit of w?
0
Let x(k) = -15 + 39*k - k**3 - 82*k + 17*k**2 + 40*k. Let b be x(17). Let a = -37 - b. What is the tens digit of a?
2
Let u = 967 + -552. Suppose 4*h - x - u = 0, -4*x - 2 - 10 = 0. What is the units digit of h?
3
Suppose 5*r = -k + 1681, 0 - 8 = 2*k. Let t = r + 45. Suppose -88*y + t = -86*y. What is the tens digit of y?
9
Let k(x) = -575*x - 861. What is the hundreds digit of k(-22)?
7
What is the thousands digit of 119/28*(-1 + 3901 + 8)?
6
Let x = -89 + 84. Let d(j) = 2*j + 12. Let w be d(x). Suppose 2*f - 6*v + 3*v = 212, 5*f = -w*v + 511. What is the tens digit of f?
0
What is the tens digit of (-1152)/56*(-2)/4*1099 - 6?
9
What is the hundreds digit of ((-431970)/(-275))/(6/20)?
2
Suppose -54*b + 6*b + 192 = 0. Suppose -b*s = -n - 94 - 89, s = -n + 47. What is the units digit of s?
6
Suppose -2*q + 26*x = 21*x - 661, 996 = 3*q - 3*x. Let s = 7 - 13. What is the tens digit of (-4)/8 - q/s?
5
Let v(r) = 58*r**2 - 127*r - 533. What is the units digit of v(-4)?
3
Let u = 42795 + -29061. What is the tens digit of u?
3
Let p = 113774 + -47593. What is the ten thousands digit of p?
6
Let g = -19484 + 32453. What is the ten thousands digit of g?
1
Let r(n) = -n**3 + 99*n**2 - 1121*n + 300. What is the tens digit of r(86)?
4
Let j(c) = c**3 - 5*c**2 - 11*c - 8. Let u = 6 + 11. Suppose 6*q - u = 25. What is the units digit of j(q)?
3
Let r = -5 + -5. Let y(l) = -1932*l + 465*l + 23 + 487*l + 489*l + 466*l. What is the hundreds digit of y(r)?
2
Suppose h = -5*m - 19, -m + 3*h = 2*h + 5. Let q be (m/(-6)*771)/(-1). Let z = q + 746. What is the tens digit of z?
3
Let f = 1139 - 1134. Let p(o) = 8*o**2 - 5 - o**3 + 0*o**2 + 0*o**3 + o. What is the units digit of p(f)?
5
Suppose 42*v = 48*v - 972. Suppose 0 = -v*a + 165*a - 2499. What is the tens digit of a?
3
Suppose 0 = 7*c - 269 + 59. Suppose 0 = 36*j - c*j - 1056. What is the tens digit of j?
7
Suppose 24*a = -129*a + 96390. What is the hundreds digit of a?
6
Let n = -115 + 118. Suppose 171 = n*o - 396. What is the units digit of o?
9
Let c(b) = 73 + 22 + 905*b - 1391*b. What is the tens digit of c(-4)?
3
Suppose 2*d + 0*d = 1626. Let t = -456 + d. Suppose 7*u + 2*i - t = 4*u, -6 = -2*i. What is the units digit of u?
7
Suppose -66*y - 2 = -67*y. Suppose 254 = 4*a + 3*i - y*i, a - 56 = -4*i. Let t = 19 + a. What is the units digit of t?
3
Let d = 436 + -250. Suppose -2*a + 8*a - d = 0. Suppose a = -0*j + j. What is the tens digit of j?
3
Let o = 216 + -216. What is the units digit of o + ((-614)/(-8))/((-7)/(-28))?
7
Let a = 165 + -159. What is the hundreds digit of 28/(-10)*((a - 11) + -190)?
5
Let p(b) = 331*b + 3016. What is the hundreds digit of p(30)?
9
Suppose 11655 = 6*o - 4*o + 5*c, 3*c + 3 = 0. What is the hundreds digit of o?
8
Let n(v) = 2*v**2 - 32*v - 82. Let c be n(-38). Suppose -5*y - 3*u + 1059 = -c, 5*u - 10 = 0. What is the hundreds digit of y?
0
Let s(r) = -389*r**3 + 7*r**2 + 43*r - 72. What is the units digit of s(-5)?
3
Let x be 2 + 2/(4/38) + -1. Let r(l) = l**3 - 19*l**2 + 3*l + 5. Let p be r(x). Suppose -u + 114 = s, u + 0*u - p = -4*s. What is the tens digit of s?
1
Suppose h + 3*n - 193 = 0, -h + n - 51 + 232 = 0. Suppose 73*r - 891 = 84*r. Let s = r + h. What is the tens digit of s?
0
Suppose a = 191 - 67. Let h = a + -110. What is the units digit of h?
4
Let z(b) = 6*b**2 - 4*b - 8. Let c(y) = 2*y + 25. Let q be c(-10). What is the units digit of z(q)?
2
Suppose -h + k + 2447 = 0, k = 19*h - 17*h - 4889. What is the thousands digit of h?
2
Let q = -515 - -567. Suppose 2 = -q*t + 50*t, -9804 = -5*v - t. What is the units digit of v?
1
Let z(r) = 298*r**2 - 3*r - 6. Let j(o) = -199*o**2 + 2*o + 4. Let v(a) = 7*j(a) + 5*z(a). Suppose -34*c - 134 + 100 = 0. What is the tens digit of v(c)?
9
Let q(p) = 14*p - 21. Suppose g - 4 + 13 = x, 2*x + 2*g - 18 = 0. Let r be q(x). Suppose 2*w - w = -f + r, 101 = w - f. What is the units digit of w?
3
Let v(f) = f**2 + 4*f - 29. Let t be v(-8). Let d(w) = -8 - 26*w + 8*w - t - 6. What is the tens digit of d(-5)?
7
Let j(x) = 3*x**2 - 37*x + 425. What is the hundreds digit of j(15)?
5
Let c = 45 - 40. Suppose 0 = 2*l - c*l + 6. Let x(a) = 29*a**2 + 4*a + 1. What is the units digit of x(l)?
5
Let y = -48 + 51. Suppose d + 0*d - 2*a + 10 = 0, 0 = y*d + 5*a + 30. What is the tens digit of (2 + -2 - -4)*(-155)/d?
6
Suppose 6*j = 17*j - 1320. Let c = -95 + j. What is the units digit of c?
5
Let t = 51 + -48. Let o be 5/((2 - t)/(-1)). Suppose 3*v = 2*m + o, -3 + 1 = -m. What is the units digit of v?
3
Let j be 14 + 32/(-4) + 7. Suppose 4*v = j*v - 7965. What is the units digit of v?
5
Let a = 371 - 368. What is the hundreds digit of (-7)/(112/(-3316)) + a/(-12)?
2
Let f = -2174 + 3582. What is the thousands digit of (f - -69) + (3 - (2 + -3))?
1
Let x(c) = 5*c**2 - 34*c + 133. Suppose 28*l = 17*l + 110. What is the tens digit of x(l)?
9
Let q be 0 + (2 + 2)/12*4911. What is the hundreds digit of 2 + (-100)/55 + q/11?
1
Let o(f) = -f**2 + 27*f. Let k be o(0). Suppose k = -5*r - 3*z + 5760, 2*r + 2*z = 3*z + 2304. What is the units digit of r?
2
Suppose 5*h + 0*h + m = 15, 0 = 5*h + 5*m - 35. Suppose -h*c - 11 = -5*i, 5*c + 2 - 9 = i. Suppose -c*f - 380 = -7*f. What is the units digit of f?
6
Suppose 3*w + 457 = 5*b, 0*b = -5*b - 3*w + 463. Let d = 30 + b. What is the hundreds digit of d?
1
Let v(h) = -h**2 - 1. Let t(j) = -9*j**2 + j - 18. Let n(l) = -t(l) + 2*v(l). Let k be n(4). Suppose 0*m = 4*m - k. What is the units digit of m?
1
Let h(b) = 268*b**2 + 25*b - 8. Let m be h(-4). Suppose 28*d = 33*d - m. What is the units digit of d?
6
Let p(v) = 11777*v**2 + 51*v + 17. What is the thousands digit of p(2)?
7
Suppose 0*o + 5*o = -370. Let x = o + 94. Suppose -m + x = 3*m. What is the units digit of m?
5
Let k(u) = -42*u - 96. Let m be k(-20). What is the tens digit of (8/40 - 0) + m/5?
4
Suppose 2*x = -2, 2*k - 1879 = 2*x + 4455. What is the thousands digit of k?
3
Let t(a) be the third derivativ